1*2/(-6) is divided by j.
14
Let j(c) = 2*c**2 - 70*c - 991. Calculate the remainder when 3840 is divided by j(-11).
18
Suppose 3*m = 2*q - 485, 24*q - 25*q = 5*m - 262. Calculate the remainder when 1045 is divided by q.
57
Let n(u) = -u**3 + 4*u**2 + 5*u + 4. Let z be n(-2). Suppose 3*x = 5*y + 4*x - 54, 2*x + 22 = 3*y. Let r = y + z. What is the remainder when r is divided by 9?
1
Let y be -68*(20/(-8) - -3). Let l = y + 40. Calculate the remainder when 2/(-12) - 550/(-60) is divided by l.
3
Let y(o) = -58*o**2 - 3*o + 5. Let s(h) = -19*h**2 - h + 2. Let c(x) = 11*s(x) - 4*y(x). What is the remainder when (-12)/(-4) + 116 + 0 is divided by c(-1)?
23
Let x = -677 + 788. Let q = -4 + 7. Suppose x = q*g - 18. What is the remainder when g is divided by 15?
13
Let b = -251 - -284. Suppose -b*v + 1122 = v. Calculate the remainder when 33 is divided by v.
0
Suppose -4*t + 4 = 12, -f - 2*t - 1 = 0. Suppose 15*u = -f*u + 558. Calculate the remainder when u is divided by 20.
11
Suppose -4*s + 24 = -8. Suppose -2*w - s*u = -3*u + 130, -2*u + 144 = -2*w. Let f = w + 115. What is the remainder when f is divided by 24?
21
Suppose 0 = -4*h - 8*h + 48. Suppose 0 = 4*r + 2*z - 118, -7*z + 147 = 5*r - h*z. What is the remainder when 83 is divided by r?
23
Let d(o) = 2*o**3 + 188*o**2 + 39*o + 355. Calculate the remainder when d(-93) is divided by 169.
168
Suppose -16*u = -35358 + 2044 - 5566. Calculate the remainder when u is divided by 345.
15
Let s = 1593 + -1560. Suppose 0 = 3*a + 2*q - 292, -4*a + 2*a = 3*q - 193. What is the remainder when a is divided by s?
32
Let a(f) = 3*f - 3. Let p be a(14). Let m = 44 - p. Suppose 0 = 4*w - m*r - 62, -5*r = -5*w + 22 + 53. What is the remainder when 192 is divided by w?
10
Suppose -3*z + 8*m = -50, -56 = -4*z + 3*m + 3. What is the remainder when 7234 is divided by z?
10
Let y = 5648 + -3067. Suppose y = 18*u - 1019. What is the remainder when u is divided by 68?
64
Let x = 898 - 890. Let i(o) = 53*o + 1. Let z be i(-1). Let w = -31 - z. What is the remainder when w is divided by x?
5
Let q = 3409 - 3401. What is the remainder when 154 is divided by q?
2
Let x(q) = 147*q - 1742. Calculate the remainder when 743 is divided by x(12).
17
Let k = -18491 + 18503. What is the remainder when 4569 is divided by k?
9
Let g(d) = -1031*d + 3143. Calculate the remainder when 447 is divided by g(3).
47
Let q be (-1)/(-6) - 329/(-6). Let j = q - -3. Let f(w) = w**3 - 33*w**2 + 60*w + 77. What is the remainder when j is divided by f(31)?
13
Let t = 206 + -156. Suppose 26*z = 36*z - t. Let c(g) = -g**3 - 2*g**2 + 4*g + 2. Calculate the remainder when c(-4) is divided by z.
3
Suppose 107*b + 3854 = 5352. Let r = -408 - -240. Let q = r - -279. Calculate the remainder when q is divided by b.
13
Let i = 54 - 52. Suppose l - 5 + 2 = -u, -2*u - i = 0. What is the remainder when l is divided by 7 + -3 + (-3 - -2)?
1
Let j(d) = d**3 + 18*d**2 + 32*d + 18. What is the remainder when 16/(-9) + (-8)/36 + 84 is divided by j(-16)?
10
Suppose 158*f - 154*f = 132. Let j be (-5 - -3) + 4 + 0. Suppose -5*a - 3*o + 52 = -a, -2*o = j*a - 26. What is the remainder when f is divided by a?
7
Let z = 13 - -83. Calculate the remainder when z is divided by 154/6 - 22/33.
21
Suppose -2*m - 3 + 7 = 0. Suppose m*q + 4*b - 16 = -0*q, -4*q + 60 = b. Suppose 63*j - 760 = 55*j. Calculate the remainder when j is divided by q.
15
Let g = -12 - -14. Suppose 2*q + 22 = -2*q - g*k, k - 1 = 0. What is the remainder when 77 - ((-2)/q)/((-4)/(-24)) is divided by 28?
19
Let g(y) = 902*y + 7222. Let z be g(-8). Suppose -4*v = -9*v. Suppose -3*i + 21 - z = v. Calculate the remainder when 72 is divided by i.
2
Suppose -6697*t = -6679*t - 1026. Calculate the remainder when 534 is divided by t.
21
Calculate the remainder when ((-1820)/350)/(4/(-70)) is divided by 39.
13
Let n(f) = -f**3 + 2*f**2 + 27*f - 1. Let h be n(6). Suppose -h*k + 13*k = -88. What is the remainder when 51 is divided by k?
7
Let d(i) = -2*i + 66. Let j be d(23). Calculate the remainder when 651/5 + j/25 is divided by 12.
11
Suppose 40*q + 34961 - 88321 = 0. Suppose -q = -3*g + 5*b, -b + 0*b + 1817 = 4*g. Calculate the remainder when g is divided by 92.
85
Suppose 0 = -4*l + 16, 4*l + 66 = c - 98. Calculate the remainder when 554 is divided by c.
14
Suppose 0 = 3*m - l - 1397, -4*m = -5*l + 2454 - 4335. Calculate the remainder when m is divided by 147.
23
What is the remainder when 3/2*(-268)/(-3) is divided by 5148/546 - ((-15)/(-35))/1?
8
Suppose -v = -w + 5*w + 81, 5*w = -4*v - 324. Let d = -36 - v. Let y = 53118 - 53108. Calculate the remainder when d is divided by y.
5
Let t be (2 - 10/6) + (-19712)/33. Let n = -357 - t. Suppose -r + 245 = n. What is the remainder when r is divided by 4?
1
Let q(z) be the second derivative of z**5/10 - z**4/4 - z**3/2 + 3*z**2 - 56*z + 4. What is the remainder when 219 is divided by q(4)?
71
Let j(a) = -a**2 - 11*a + 1. Suppose 37389 - 39803 = -34*q. Calculate the remainder when q is divided by j(-5).
9
Let x = -20 + 37. Let k(f) = -4*f**2 - 143*f + 29. What is the remainder when k(-35) is divided by x?
15
Suppose 141 = 12*t - 39. Suppose 2*x + 2 = 5*w + 5*x, 4*w - 3*x + 20 = 0. Let u = w - -27. What is the remainder when u is divided by t?
10
What is the remainder when (-61002)/(-72) + (-28)/(-16) is divided by 25?
24
Let s(l) = -3*l**2 - 54*l**3 - 49*l**3 - 45*l**3 + 7*l + 152*l**3 - 5. What is the remainder when 85 is divided by s(2)?
27
Suppose -3*i + 7*i = 284. Let c be (-2637)/(-27) + (-2)/3. Suppose 4*p - c = 47. What is the remainder when i is divided by p?
35
Suppose -177*g + 63020 = 13*g + 3550. What is the remainder when g is divided by 52?
1
Let r = -3508 - -3814. What is the remainder when r is divided by 93?
27
Suppose c - 153 = -z + 250, -5*c + 3*z = -2055. Suppose -4*t = -0*t - c. Let w = t + -71. What is the remainder when w is divided by 9?
4
Suppose 20 = 11*k - k. Suppose -2*a + 3*q + 1060 = -q, -k*a = 4*q - 1020. Calculate the remainder when a is divided by 58.
56
Suppose -42 = 6*s, 15*f - 14*f + 5*s = 291. What is the remainder when 1600 is divided by f?
296
Let v(w) = -27*w + 276. Let i be v(10). Let z(j) = -9*j**2 + 57*j + 18. Calculate the remainder when 51 is divided by z(i).
15
Let c = -17552 + 20212. Calculate the remainder when c is divided by 26.
8
What is the remainder when ((-18)/3 - -4)*2500/(-8) is divided by 206?
7
Let p(h) = 8317*h - 16241. Let o = 72 + -39. What is the remainder when p(2) is divided by o?
30
Let b(d) = d**2 + 8*d - 24. Calculate the remainder when ((-26)/(-13))/(2/104) is divided by b(-13).
22
Suppose -5*x = 5*m - 90, -23*x - 2*m = -27*x + 102. Suppose -4*g + 20 + 32 = 0. Calculate the remainder when x is divided by g.
10
Let k(m) be the third derivative of -7*m**4/12 - 49*m**3/3 - 55*m**2. Calculate the remainder when 54 is divided by k(-9).
26
Suppose 16 = -4*h - 28. Calculate the remainder when 86 is divided by (-163)/h + 48/264.
11
Suppose 532 = 2*c + t, -4*c - 59*t = -55*t - 1056. What is the remainder when c is divided by 78?
34
Let c be 10 + -6 + (-15 - 2) + 2. Let y = c + 24. What is the remainder when 33 is divided by y?
7
Let r = -235 - -229. Calculate the remainder when 413 is divided by 5/(-10) + r/((-36)/501).
81
Let s = 7782 + -4521. What is the remainder when s is divided by 233?
232
Suppose -28*o + 26*o - 4 = 0, -3*o = m - 135. Let w be (-5 - -2)/(3/86). Let x = w + m. Calculate the remainder when x is divided by 10.
5
Let t be 109 + (-4 - 4 - -2). Let p = t - 37. Calculate the remainder when 525 is divided by p.
63
Let k = 269 - 127. Suppose 6*g - 3*g + 5*j - k = 0, 212 = 4*g + j. What is the remainder when g is divided by 11?
10
Let f(s) = -6*s + 17. Let i be f(3). Let m(b) = -1. Let l(t) = -t - 36. Let d(n) = i*l(n) + 4*m(n). Calculate the remainder when 64 is divided by d(-9).
18
Let x = 16367 + -16361. Calculate the remainder when x is divided by (-74)/(-14) + (-4)/14.
1
Let n(b) = 16*b + 19 + 23*b - 62*b + 22*b. What is the remainder when 84 is divided by n(2)?
16
Let p = -639 - -688. What is the remainder when 545 is divided by p?
6
Suppose b - 3*q - 12 = 0, b - 4*q = -b + 18. Suppose 3*t - 18 = -b*f, -f = f - t - 6. Calculate the remainder when 5 is divided by f.
1
Suppose 56 = 10*n - 2